{"id":1,"date":"2019-02-21T14:47:08","date_gmt":"2019-02-21T14:47:08","guid":{"rendered":"https:\/\/hoefler.jens-ahner.de\/?page_id=1"},"modified":"2026-03-11T22:20:50","modified_gmt":"2026-03-11T22:20:50","slug":"home","status":"publish","type":"page","link":"https:\/\/www.seniorenbetreuung-hoefler.de\/","title":{"rendered":"Home"},"content":{"rendered":"<div>\n<h4>Alltagsbegleitung f\u00fcr hilfsbd\u00fcrftige Menschen in Dresden, Radebeul, Weinb\u00f6hla und Mei\u00dfen<\/h4>\n<\/div>\n<h2><span>Seniorenbetreuung H\u00f6fler<\/span><\/h2>\n<ul>\n<li>\n<h3>Unser Konzept<\/h3>\n<div>\n<p>Unsere Betreuungsleistungen richten sich an pflegebed\u00fcrftige Menschen, die Hilfe bei der Bew\u00e4ltigung allt\u00e4glicher Aufgaben ben\u00f6tigen und an deren Angeh\u00f6rige, welche Unterst\u00fctzung und Entlastung suchen.<\/p>\n<p>Wir bieten eine stundenweise, individuelle Betreuung f\u00fcr hilfs- und pflegebed\u00fcrftigen Menschen im h\u00e4uslichen Bereich. <span class=\"Apple-tab-span\"> <\/span>Wir sind kompetent und zuverl\u00e4ssig.<span class=\"Apple-converted-space\">\u00a0<\/span><\/p>\n<p>Jede betreute Person erh\u00e4lt eine feste pers\u00f6nliche Bezugsperson, das hei\u00dft es findet kein Wechsel der Mitarbeiter statt. Unsere hilfsbed\u00fcrftigen Klienten haben dadurch einen vertrauten und festen Ansprechpartner.<\/p>\n<p>Bei unserer Betreuung legen wir besonderen Wert auf den Erhalt der individuellen F\u00e4higkeiten, des pers\u00f6nlichen Lebensstils und der Selbstbestimmung. Die gesamtheitliche Aktivierung und der Erhalt geistiger, k\u00f6rperlicher und sozialer Kompetenzen bilden die Grundlage unserer Arbeit.<\/p>\n<\/div>\n<\/li>\n<li>\n<h3>Wir \u00fcber uns<\/h3>\n<div>\n<p>Die Seniorenbetreuung H\u00f6fler wurde gegr\u00fcndet im Januar 2007. Die Unternehmensleiterin Frau Katrin H\u00f6fler ist staatlich gepr\u00fcfte Ergotherapeutin mit der Zusatzqualifikation zur Fachkraft f\u00fcr Gerontopsychiatrie.<br \/>Zur Sicherstellung eines qualifizierten und kenntnisreichen Umgangs mit den hilfsbed\u00fcrftigen Menschen sind im Team Alltagsbegleiter, Hauswirtschafter und Nachbarschaftshelfer t\u00e4tig.<\/p>\n<p>Unser Einsatz erfolgt in Dresden, Radebeul, Weinb\u00f6hla und Mei\u00dfen.<\/p>\n<\/div>\n<\/li>\n<li>\n<h3>Unsere Leistungen sind nach \u00a745 SGB XI anerkannt<\/h3>\n<div>\n<p>Die Seniorenbetreuung H\u00f6fler verf\u00fcgt seit 2008 \u00fcber die Anerkennung als Angebot f\u00fcr <span class=\"Apple-tab-span\"> <\/span>Entlastungs- und Betreuungsleistungen nach \u00a7 45 SGB XI. <span class=\"Apple-tab-span\"> <\/span>Die Abrechnung erfolgt mit einem Pflegegrad \u00fcber die Pflegekasse.<span class=\"Apple-converted-space\">\u00a0<\/span><\/p>\n<p>Gern stehe ich f\u00fcr Beratungen zur Verf\u00fcgung.<\/p>\n<\/div>\n<\/li>\n<\/ul>\n<h2>Unsere Leistungen<\/h2>\n<ul>\n<li>\n<h3>Freizeitgestaltung<\/h3>\n<div>\n<ul>\n<li>Planung, Organisation und Begleitung zu Freizeitaktivit\u00e4ten<\/li>\n<li>Unternehmungen, Ausfl\u00fcge<\/li>\n<li>Spazierg\u00e4nge<\/li>\n<li>Ged\u00e4chtnis\u00fcbungen, R\u00e4tsel, Spiele<\/li>\n<li>Pflegen von Gewohnheiten und Hobbies<\/li>\n<\/ul>\n<\/div>\n<\/li>\n<li>\n<h3>Aufrechterhaltung pers\u00f6nlicher Interessen und Vorlieben<\/h3>\n<div>\n<ul>\n<li>Biografische Orientierung<\/li>\n<li>Pflegen von Gewohnheiten und Hobbies<\/li>\n<li>Erm\u00f6glichen und Erhalt pers\u00f6nlicher Kontakte<\/li>\n<li>Erhalt der gewohnten Tagesstruktur<\/li>\n<\/ul>\n<\/div>\n<\/li>\n<li>\n<h3>Hilfe zur Mobilisierung<\/h3>\n<div>\n<ul>\n<li>Aktivierung und Training der Alltagskompetenz in den eigenen R\u00e4umlichkeiten<\/li>\n<li>individuelle Bewegungsprogramme<\/li>\n<li>Nutzen von Hilfsmitteln<\/li>\n<li>Unterst\u00fctzung beim Gehen, Treppen steigen etc.<\/li>\n<\/ul>\n<\/div>\n<\/li>\n<li>\n<h3>Begleitung zu Beh\u00f6rden, \u00c4rzten, Terminen<\/h3>\n<div>\n<ul>\n<li>Unter Einhaltung der Schweigepflicht<\/li>\n<li>Wahrung der Interessen<\/li>\n<li>Zusammenarbeit mit \u00c4rzten, Pflegediensten, Sozialdiensten etc.<\/li>\n<\/ul>\n<\/div>\n<\/li>\n<li>\n<h3> Hauswirtschaftliche Hilfe und Versorgung<\/h3>\n<div>\n<ul>\n<li>Aktivierung zur gr\u00f6\u00dftm\u00f6glichen Selbst\u00e4ndigkeit<\/li>\n<li>Einkauf, bzw. Begleitung zum Einkauf<\/li>\n<li>Gemeinsames Kochen<\/li>\n<li>Zubereitung von Mahlzeiten<\/li>\n<li>Reinigung der Wohnung<\/li>\n<\/ul>\n<\/div>\n<\/li>\n<li>\n<p>        <img decoding=\"async\" src=\"\/wp-content\/uploads\/2026\/01\/katrin-03-scaled.jpg\" alt=\"\"><\/p>\n<\/li>\n<\/ul>\n<p><img decoding=\"async\" src=\"\/wp-content\/uploads\/2026\/02\/katrin2.jpg\" alt=\"\"><\/p>\n<div>\n<p>Sprechen Sie mich an!<\/p>\n<\/div>\n<h2><a href=\"tel:+99555123456\">Seniorenbetreuung H\u00f6fler<\/a><\/h2>\n<p><p>\n        <a href=\"mailto:info@seniorenbetreuung-hoefler.de\">Mail an mich<\/a>\n    <\/p>\n<\/p>\n<ul>\n<li>\n<div>\n<p><span>Kraftwerk Mitte 7<\/span><br \/><span>01067 Dresden<\/span><\/p>\n<\/div>\n<\/li>\n<li>\n<h3>Address<\/h3>\n<div>\n<p><span>Telefon: <\/span><a href=\"tel:+493512054245\">0351-2054245<\/a><br \/><span>Mobil: <\/span><a href=\"tel:+491625248322\">0162-5248322<\/a><br \/><span>E-Mail: <\/span><a href=\"mailto:info@seniorenbetreuung-hoefler.de\">info@seniorenbetreuung-hoefler.de<\/a><\/p>\n<\/div>\n<\/li>\n<\/ul>\n<p><!--more--><br \/>\n<!-- {\"type\":\"layout\",\"children\":[{\"name\":\"Hero\",\"type\":\"section\",\"props\":{\"animation\":\"fade\",\"header_transparent\":true,\"header_transparent_noplaceholder\":true,\"header_transparent_text_color\":\"dark\",\"height\":\"section\",\"height_viewport\":900,\"image\":\"wp-content\/uploads\/2026\/02\/hoefler-21.jpg\",\"image_height\":900,\"image_loading\":true,\"image_position\":\"center-center\",\"image_size\":\"cover\",\"media_background\":\"rgba(0, 0, 0, 0.01)\",\"media_blend_mode\":\"multiply\",\"media_focal_point\":\"top-left\",\"overlap\":false,\"padding_bottom\":\"large\",\"padding_top\":\"large\",\"preserve_color\":false,\"style\":\"default\",\"title_breakpoint\":\"xl\",\"title_position\":\"top-left\",\"title_rotation\":\"left\",\"vertical_align\":\"\",\"width\":\"default\"},\"children\":[{\"type\":\"row\",\"children\":[{\"type\":\"column\",\"props\":{\"image_position\":\"center-center\",\"position_sticky_breakpoint\":\"m\",\"width_medium\":\"1-2\"},\"children\":[{\"type\":\"alert\",\"props\":{\"content\":\"\",\"position\":\"relative\",\"title\":\"Alltagsbegleitung f\u00fcr hilfsbd\u00fcrftige Menschen in Dresden, Radebeul, Weinb\u00f6hla und Mei\u00dfen\",\"title_element\":\"h4\",\"title_style\":\"h1\"}}]},{\"type\":\"column\",\"props\":{\"image_position\":\"center-center\",\"position_sticky_breakpoint\":\"m\",\"width_medium\":\"1-2\"}}],\"props\":{\"layout\":\"1-2,1-2\"}}]},{\"name\":\"Services\",\"type\":\"section\",\"props\":{\"animation\":\"slide-right-small\",\"image_position\":\"center-center\",\"image_size\":\"cover\",\"overlap\":false,\"padding_bottom\":\"large\",\"preserve_color\":true,\"style\":\"secondary\",\"title_breakpoint\":\"xl\",\"title_position\":\"top-left\",\"title_rotation\":\"left\",\"vertical_align\":\"\",\"width\":\"default\"},\"children\":[{\"type\":\"row\",\"children\":[{\"type\":\"column\",\"props\":{\"image_position\":\"center-center\",\"position_sticky_breakpoint\":\"m\",\"width_medium\":\"1-1\"},\"children\":[{\"type\":\"headline\",\"props\":{\"content\":\"<span>Seniorenbetreuung H\u00f6fler<\/span>\",\"image_align\":\"left\",\"image_margin\":\"xsmall\",\"margin_bottom\":\"medium\",\"margin_top\":\"medium\",\"title_decoration\":\"bullet\",\"title_element\":\"h2\",\"title_style\":\"h6\"}},{\"type\":\"grid\",\"props\":{\"content_column_breakpoint\":\"m\",\"content_style\":\"text-lead\",\"filter_align\":\"left\",\"filter_all\":true,\"filter_grid_breakpoint\":\"m\",\"filter_grid_width\":\"auto\",\"filter_position\":\"top\",\"filter_style\":\"tab\",\"grid_default\":\"1\",\"grid_divider\":true,\"grid_medium\":\"\",\"image_align\":\"top\",\"image_grid_breakpoint\":\"m\",\"image_grid_width\":\"1-2\",\"image_svg_color\":\"emphasis\",\"item_animation\":true,\"lightbox_bg_close\":true,\"link_style\":\"default\",\"link_text\":\"Read more\",\"margin_bottom\":\"default\",\"margin_top\":\"default\",\"meta_align\":\"below-title\",\"meta_element\":\"div\",\"meta_style\":\"text-meta\",\"parallax_easing\":\"1\",\"show_content\":true,\"show_hover_image\":true,\"show_hover_video\":true,\"show_image\":true,\"show_link\":true,\"show_meta\":true,\"show_title\":true,\"show_video\":true,\"title_align\":\"left\",\"title_color\":\"primary\",\"title_element\":\"h3\",\"title_grid_breakpoint\":\"m\",\"title_grid_width\":\"1-3\",\"title_hover_style\":\"reset\",\"title_style\":\"h3\"},\"children\":[{\"type\":\"grid_item\",\"props\":{\"content\":\"\n\n<p>Unsere Betreuungsleistungen richten sich an pflegebed\u00fcrftige Menschen, die Hilfe bei der Bew\u00e4ltigung allt\u00e4glicher Aufgaben ben\u00f6tigen und an deren Angeh\u00f6rige, welche Unterst\u00fctzung und Entlastung suchen.<\/p>\n\n\\n\n\n<p>Wir bieten eine stundenweise, individuelle Betreuung f\u00fcr hilfs- und pflegebed\u00fcrftigen Menschen im h\u00e4uslichen Bereich. <span class=\\\"Apple-tab-span\\\"> <\/span>Wir sind kompetent und zuverl\u00e4ssig.<span class=\\\"Apple-converted-space\\\">\u00a0<\/span><\/p>\n\n\\n\n\n<p>Jede betreute Person erh\u00e4lt eine feste pers\u00f6nliche Bezugsperson, das hei\u00dft es findet kein Wechsel der Mitarbeiter statt. Unsere hilfsbed\u00fcrftigen Klienten haben dadurch einen vertrauten und festen Ansprechpartner.<\/p>\n\n\\n\n\n<p>Bei unserer Betreuung legen wir besonderen Wert auf den Erhalt der individuellen F\u00e4higkeiten, des pers\u00f6nlichen Lebensstils und der Selbstbestimmung. Die gesamtheitliche Aktivierung und der Erhalt geistiger, k\u00f6rperlicher und sozialer Kompetenzen bilden die Grundlage unserer Arbeit.<\/p>\n\n\",\"title\":\"Unser Konzept\"}},{\"type\":\"grid_item\",\"props\":{\"content\":\"\n\n<p>Die Seniorenbetreuung H\u00f6fler wurde gegr\u00fcndet im Januar 2007. Die Unternehmensleiterin Frau Katrin H\u00f6fler ist staatlich gepr\u00fcfte Ergotherapeutin mit der Zusatzqualifikation zur Fachkraft f\u00fcr Gerontopsychiatrie.<br \/>Zur Sicherstellung eines qualifizierten und kenntnisreichen Umgangs mit den hilfsbed\u00fcrftigen Menschen sind im Team Alltagsbegleiter, Hauswirtschafter und Nachbarschaftshelfer t\u00e4tig.<\/p>\n\n\\n\n\n<p>Unser Einsatz erfolgt in Dresden, Radebeul, Weinb\u00f6hla und Mei\u00dfen.<\/p>\n\n\",\"title\":\"Wir \u00fcber uns\"}},{\"type\":\"grid_item\",\"props\":{\"content\":\"\n\n<p>Die Seniorenbetreuung H\u00f6fler verf\u00fcgt seit 2008 \u00fcber die Anerkennung als Angebot f\u00fcr <span class=\\\"Apple-tab-span\\\"> <\/span>Entlastungs- und Betreuungsleistungen nach \u00a7 45 SGB XI. <span class=\\\"Apple-tab-span\\\"> <\/span>Die Abrechnung erfolgt mit einem Pflegegrad \u00fcber die Pflegekasse.<span class=\\\"Apple-converted-space\\\">\u00a0<\/span><\/p>\n\n\\n\n\n<p>Gern stehe ich f\u00fcr Beratungen zur Verf\u00fcgung.<\/p>\n\n\",\"title\":\"Unsere Leistungen sind nach \u00a745 SGB XI anerkannt\"}}]}]}]}]},{\"name\":\"Expertise\",\"type\":\"section\",\"props\":{\"image_position\":\"center-center\",\"image_size\":\"cover\",\"padding_bottom\":\"large\",\"padding_top\":\"large\",\"style\":\"primary\",\"title_breakpoint\":\"xl\",\"title_position\":\"top-left\",\"title_rotation\":\"left\",\"vertical_align\":\"\",\"width\":\"default\"},\"children\":[{\"type\":\"row\",\"children\":[{\"type\":\"column\",\"props\":{\"image_position\":\"center-center\",\"position_sticky_breakpoint\":\"m\",\"width_medium\":\"1-1\"},\"children\":[{\"type\":\"headline\",\"props\":{\"content\":\"Unsere Leistungen\",\"image_align\":\"left\",\"image_margin\":\"xsmall\",\"margin_bottom\":\"medium\",\"margin_top\":\"medium\",\"title_decoration\":\"bullet\",\"title_element\":\"h2\",\"title_style\":\"h6\"}},{\"type\":\"grid\",\"props\":{\"content_column_breakpoint\":\"m\",\"filter_align\":\"left\",\"filter_all\":true,\"filter_grid_breakpoint\":\"m\",\"filter_grid_width\":\"auto\",\"filter_position\":\"top\",\"filter_style\":\"tab\",\"grid_column_gap\":\"large\",\"grid_default\":\"1\",\"grid_medium\":\"2\",\"grid_row_gap\":\"large\",\"image_align\":\"top\",\"image_grid_breakpoint\":\"m\",\"image_grid_width\":\"1-2\",\"image_height\":450,\"image_svg_color\":\"emphasis\",\"item_animation\":true,\"lightbox_bg_close\":true,\"link_style\":\"default\",\"link_text\":\"Read more\",\"margin_bottom\":\"default\",\"margin_top\":\"default\",\"meta_align\":\"below-title\",\"meta_element\":\"div\",\"meta_style\":\"text-meta\",\"parallax_easing\":\"1\",\"show_content\":true,\"show_hover_image\":true,\"show_hover_video\":true,\"show_image\":true,\"show_link\":true,\"show_meta\":true,\"show_title\":true,\"show_video\":true,\"text_align\":\"left\",\"text_align_fallback\":\"center\",\"title_align\":\"top\",\"title_element\":\"h3\",\"title_grid_breakpoint\":\"m\",\"title_grid_width\":\"1-2\",\"title_hover_style\":\"reset\"},\"children\":[{\"type\":\"grid_item\",\"props\":{\"content\":\"\n\n<ul>\\n\n\n<li>Planung, Organisation und Begleitung zu Freizeitaktivit\u00e4ten<\/li>\n\n\\n\n\n<li>Unternehmungen, Ausfl\u00fcge<\/li>\n\n\\n\n\n<li>Spazierg\u00e4nge<\/li>\n\n\\n\n\n<li>Ged\u00e4chtnis\u00fcbungen, R\u00e4tsel, Spiele<\/li>\n\n\\n\n\n<li>Pflegen von Gewohnheiten und Hobbies<\/li>\n\n\\n<\/ul>\n\n\",\"title\":\"Freizeitgestaltung\"}},{\"type\":\"grid_item\",\"props\":{\"content\":\"\n\n<ul>\\n\n\n<li>Biografische Orientierung<\/li>\n\n\\n\n\n<li>Pflegen von Gewohnheiten und Hobbies<\/li>\n\n\\n\n\n<li>Erm\u00f6glichen und Erhalt pers\u00f6nlicher Kontakte<\/li>\n\n\\n\n\n<li>Erhalt der gewohnten Tagesstruktur<\/li>\n\n\\n<\/ul>\n\n\",\"title\":\"Aufrechterhaltung pers\u00f6nlicher Interessen und Vorlieben\"}},{\"type\":\"grid_item\",\"props\":{\"content\":\"\n\n<ul>\\n\n\n<li>Aktivierung und Training der Alltagskompetenz in den eigenen R\u00e4umlichkeiten<\/li>\n\n\\n\n\n<li>individuelle Bewegungsprogramme<\/li>\n\n\\n\n\n<li>Nutzen von Hilfsmitteln<\/li>\n\n\\n\n\n<li>Unterst\u00fctzung beim Gehen, Treppen steigen etc.<\/li>\n\n\\n<\/ul>\n\n\",\"title\":\"Hilfe zur Mobilisierung\"}},{\"type\":\"grid_item\",\"props\":{\"content\":\"\n\n<ul>\\n\n\n<li>Unter Einhaltung der Schweigepflicht<\/li>\n\n\\n\n\n<li>Wahrung der Interessen<\/li>\n\n\\n\n\n<li>Zusammenarbeit mit \u00c4rzten, Pflegediensten, Sozialdiensten etc.<\/li>\n\n\\n<\/ul>\n\n\",\"title\":\"Begleitung zu Beh\u00f6rden, \u00c4rzten, Terminen\"}},{\"type\":\"grid_item\",\"props\":{\"content\":\"\n\n<ul>\\n\n\n<li>Aktivierung zur gr\u00f6\u00dftm\u00f6glichen Selbst\u00e4ndigkeit<\/li>\n\n\\n\n\n<li>Einkauf, bzw. Begleitung zum Einkauf<\/li>\n\n\\n\n\n<li>Gemeinsames Kochen<\/li>\n\n\\n\n\n<li>Zubereitung von Mahlzeiten<\/li>\n\n\\n\n\n<li>Reinigung der Wohnung<\/li>\n\n\\n<\/ul>\n\n\",\"title\":\" Hauswirtschaftliche Hilfe und Versorgung\"}},{\"type\":\"grid_item\",\"props\":{\"image\":\"wp-content\/uploads\/2026\/01\/katrin-03-scaled.jpg\"}}]}]}],\"props\":{\"divider\":false}}]},{\"name\":\"Contact\",\"type\":\"section\",\"props\":{\"animation\":\"slide-right-medium\",\"animation_delay\":false,\"image_effect\":\"parallax\",\"image_parallax_bgx\":\"-50,10\",\"image_parallax_easing\":\"1\",\"image_position\":\"bottom-center\",\"media_visibility\":\"l\",\"padding_bottom\":\"xlarge\",\"padding_top\":\"xlarge\",\"style\":\"muted\",\"title_breakpoint\":\"xl\",\"title_position\":\"top-left\",\"title_rotation\":\"left\",\"vertical_align\":\"\",\"width\":\"large\"},\"children\":[{\"type\":\"row\",\"props\":{\"column_gap\":\"large\",\"layout\":\"1-2,1-2\",\"margin_bottom\":\"default\",\"margin_top\":\"default\",\"row_gap\":\"large\"},\"children\":[{\"type\":\"column\",\"props\":{\"image_position\":\"center-center\",\"position_sticky_breakpoint\":\"m\",\"vertical_align\":\"middle\",\"width_medium\":\"1-2\"},\"children\":[{\"type\":\"image\",\"props\":{\"image\":\"wp-content\/uploads\/2026\/02\/katrin2.jpg\",\"image_svg_color\":\"emphasis\",\"margin_bottom\":\"default\",\"margin_top\":\"default\"}}]},{\"type\":\"column\",\"props\":{\"image_position\":\"center-center\",\"position_sticky_breakpoint\":\"m\",\"vertical_align\":\"middle\",\"width_medium\":\"1-2\"},\"children\":[{\"type\":\"text\",\"props\":{\"column_breakpoint\":\"m\",\"content\":\"\n\n<p>Sprechen Sie mich an!<\/p>\n\n\",\"margin_bottom\":\"default\",\"margin_top\":\"default\",\"text_align\":\"left\",\"text_align_breakpoint\":\"m\",\"text_align_fallback\":\"center\",\"text_style\":\"meta\"}},{\"type\":\"headline\",\"props\":{\"content\":\"Seniorenbetreuung H\u00f6fler\",\"image_align\":\"left\",\"image_margin\":\"xsmall\",\"link\":\"tel:+99555123456\",\"margin_bottom\":\"medium\",\"margin_top\":\"remove\",\"text_align\":\"left\",\"text_align_breakpoint\":\"m\",\"text_align_fallback\":\"center\",\"title_color\":\"primary\",\"title_element\":\"h2\",\"title_style\":\"h1\"}},{\"type\":\"button\",\"props\":{\"grid_column_gap\":\"small\",\"grid_row_gap\":\"small\",\"margin_bottom\":\"default\",\"margin_top\":\"default\",\"text_align\":\"left\",\"text_align_breakpoint\":\"m\",\"text_align_fallback\":\"center\"},\"children\":[{\"type\":\"button_item\",\"props\":{\"button_style\":\"default\",\"content\":\"Mail an mich\",\"dialog_layout\":\"modal\",\"dialog_offcanvas_flip\":true,\"icon_align\":\"left\",\"link\":\"mailto:info@seniorenbetreuung-hoefler.de\"}}]},{\"type\":\"grid\",\"props\":{\"content_column_breakpoint\":\"m\",\"filter_align\":\"left\",\"filter_all\":true,\"filter_grid_breakpoint\":\"m\",\"filter_grid_width\":\"auto\",\"filter_position\":\"top\",\"filter_style\":\"tab\",\"grid_default\":\"1\",\"grid_medium\":\"\",\"grid_small\":\"2\",\"image_align\":\"top\",\"image_grid_breakpoint\":\"m\",\"image_grid_width\":\"1-2\",\"image_svg_color\":\"emphasis\",\"item_animation\":true,\"lightbox_bg_close\":true,\"link_style\":\"default\",\"link_text\":\"Read more\",\"margin_bottom\":\"large\",\"margin_top\":\"large\",\"meta_align\":\"below-title\",\"meta_element\":\"div\",\"meta_style\":\"text-meta\",\"parallax_easing\":\"1\",\"show_content\":true,\"show_hover_image\":true,\"show_hover_video\":true,\"show_image\":true,\"show_link\":true,\"show_meta\":true,\"show_title\":true,\"show_video\":true,\"text_align\":\"left\",\"text_align_breakpoint\":\"m\",\"text_align_fallback\":\"center\",\"title_align\":\"top\",\"title_color\":\"primary\",\"title_element\":\"h3\",\"title_grid_breakpoint\":\"m\",\"title_grid_width\":\"1-2\",\"title_hover_style\":\"reset\",\"title_style\":\"h5\"},\"children\":[{\"type\":\"grid_item\",\"props\":{\"content\":\"\n\n<p><span>Kraftwerk Mitte 7<\/span><br \/><span>01067 Dresden<\/span><\/p>\n\n\",\"title\":\"\"}},{\"type\":\"grid_item\",\"props\":{\"content\":\"\n\n<p><span>Telefon: <\/span><a href=\\\"tel:+493512054245\\\">0351-2054245<\/a><br \/><span>Mobil: <\/span><a href=\\\"tel:+491625248322\\\">0162-5248322<\/a><br \/><span>E-Mail: <\/span><a href=\\\"mailto:info@seniorenbetreuung-hoefler.de\\\">info@seniorenbetreuung-hoefler.de<\/a><\/p>\n\n\",\"title\":\"Address\"}}]}]}]}]}],\"version\":\"5.0.6\"} --><\/p>\n","protected":false},"excerpt":{"rendered":"<p>Alltagsbegleitung f\u00fcr hilfsbd\u00fcrftige Menschen in Dresden, Radebeul, Weinb\u00f6hla und Mei\u00dfen Seniorenbetreuung H\u00f6fler Unser Konzept Unsere Betreuungsleistungen richten sich an pflegebed\u00fcrftige Menschen, die Hilfe bei der Bew\u00e4ltigung allt\u00e4glicher Aufgaben ben\u00f6tigen und an deren Angeh\u00f6rige, welche Unterst\u00fctzung und Entlastung suchen. Wir bieten eine stundenweise, individuelle Betreuung f\u00fcr hilfs- und pflegebed\u00fcrftigen Menschen im h\u00e4uslichen Bereich. Wir sind kompetent [&hellip;]<\/p>\n","protected":false},"author":1,"featured_media":0,"parent":0,"menu_order":2,"comment_status":"closed","ping_status":"closed","template":"","meta":{"_acf_changed":false,"footnotes":""},"class_list":["post-1","page","type-page","status-publish","hentry"],"acf":[],"_links":{"self":[{"href":"https:\/\/www.seniorenbetreuung-hoefler.de\/index.php?rest_route=\/wp\/v2\/pages\/1","targetHints":{"allow":["GET"]}}],"collection":[{"href":"https:\/\/www.seniorenbetreuung-hoefler.de\/index.php?rest_route=\/wp\/v2\/pages"}],"about":[{"href":"https:\/\/www.seniorenbetreuung-hoefler.de\/index.php?rest_route=\/wp\/v2\/types\/page"}],"author":[{"embeddable":true,"href":"https:\/\/www.seniorenbetreuung-hoefler.de\/index.php?rest_route=\/wp\/v2\/users\/1"}],"replies":[{"embeddable":true,"href":"https:\/\/www.seniorenbetreuung-hoefler.de\/index.php?rest_route=%2Fwp%2Fv2%2Fcomments&post=1"}],"version-history":[{"count":115,"href":"https:\/\/www.seniorenbetreuung-hoefler.de\/index.php?rest_route=\/wp\/v2\/pages\/1\/revisions"}],"predecessor-version":[{"id":2336,"href":"https:\/\/www.seniorenbetreuung-hoefler.de\/index.php?rest_route=\/wp\/v2\/pages\/1\/revisions\/2336"}],"wp:attachment":[{"href":"https:\/\/www.seniorenbetreuung-hoefler.de\/index.php?rest_route=%2Fwp%2Fv2%2Fmedia&parent=1"}],"curies":[{"name":"wp","href":"https:\/\/api.w.org\/{rel}","templated":true}]}}